 + -5?
-23
In base 9, what is 32 + -20?
12
In base 11, what is 1 - -256?
257
In base 7, what is -2 - 13?
-15
In base 11, what is -120 + -1?
-121
In base 15, what is 1c + 2d8?
305
In base 10, what is -4 - -182?
178
In base 7, what is -1 + -20344?
-20345
In base 8, what is -3 - -74?
71
In base 15, what is -4 - 4?
-8
In base 8, what is -10 - 3?
-13
In base 15, what is -42 + 3?
-3e
In base 6, what is 303 + -5?
254
In base 14, what is -15 + 40?
29
In base 14, what is -1 - b54?
-b55
In base 6, what is 1102 + -2?
1100
In base 2, what is -11001 - 10010110?
-10101111
In base 14, what is -d - -18?
9
In base 4, what is 120 - -13?
133
In base 16, what is 10 - -260?
270
In base 15, what is 15 - 0?
15
In base 9, what is 0 + 3?
3
In base 7, what is -63 - 1?
-64
In base 14, what is -5d + -65?
-c4
In base 15, what is -4 + -134?
-138
In base 11, what is 5 - 278?
-273
In base 7, what is -2 - -16122?
16120
In base 6, what is 2201 + 10?
2211
In base 5, what is -4 - -13030?
13021
In base 8, what is -14716 + 3?
-14713
In base 7, what is -610 + -3?
-613
In base 10, what is -3 - 4?
-7
In base 8, what is -16 - -102?
64
In base 14, what is -b + -b8?
-c5
In base 7, what is -23 + 161?
135
In base 14, what is -b0 - 7?
-b7
In base 12, what is 2 + -31?
-2b
In base 10, what is -11171 + 4?
-11167
In base 14, what is -5 - 60?
-65
In base 5, what is -2114 + 4?
-2110
In base 4, what is 20321 + 3?
20330
In base 3, what is 11010 - -12?
11022
In base 15, what is -a + -b4?
-be
In base 16, what is -2c1 - -4?
-2bd
In base 14, what is -54c + -17?
-565
In base 4, what is -13 + -3112?
-3131
In base 8, what is -4233 - 4?
-4237
In base 15, what is -9 - 250?
-259
In base 6, what is 13 - -154?
211
In base 6, what is 1340 - 5?
1331
In base 10, what is -2248 - 4?
-2252
In base 8, what is -106 + -7?
-115
In base 13, what is 557 - 4?
553
In base 13, what is 9cc - -1?
a00
In base 16, what is 1 + -3cd?
-3cc
In base 8, what is 3 + 74?
77
In base 14, what is 0 + -24a?
-24a
In base 12, what is -4 - -a?
6
In base 4, what is -1 - -3231?
3230
In base 6, what is 5 + 14225?
14234
In base 9, what is 85 + -14?
71
In base 2, what is 1110 + 100000000?
100001110
In base 7, what is 0 - 6?
-6
In base 16, what is fc0 + -5?
fbb
In base 13, what is 175 + -19?
159
In base 16, what is -558f + -2?
-5591
In base 14, what is -1 + 1017?
1016
In base 3, what is -1102 + 1020?
-12
In base 8, what is 16 - -57?
75
In base 12, what is -16 - -9?
-9
In base 6, what is -3 + 20223?
20220
In base 2, what is -100001 + -100?
-100101
In base 9, what is 203 - 31?
162
In base 12, what is 85 - -69?
132
In base 9, what is 5475 + -5?
5470
In base 10, what is -1889 + 0?
-1889
In base 15, what is 159 + -5?
154
In base 14, what is 2331 - -5?
2336
In base 13, what is -2 + 2278?
2276
In base 16, what is -4 - -b10?
b0c
In base 5, what is 4 - 14312?
-14303
In base 4, what is 1 + -202023?
-202022
In base 15, what is 1 - -40?
41
In base 14, what is -98 - 6?
-a0
In base 10, what is 2 + -567?
-565
In base 11, what is -1 - 43?
-44
In base 16, what is 10 + -38?
-28
In base 13, what is -184 - 55?
-209
In base 15, what is -33 - 0?
-33
In base 16, what is -110 - -1?
-10f
In base 7, what is -144 + 2?
-142
In base 8, what is -65 + 2?
-63
In base 9, what is -371 + -2?
-373
In base 7, what is 5 + -21?
-13
In base 6, what is -12 - 24?
-40
In base 4, what is 2212 - -10?
2222
In base 7, what is -165 - 13?
-211
In base 14, what is 5b - 1?
5a
In base 3, what is -102002 - 11?
-102020
In base 2, what is 101111010 + 111?
110000001
In base 13, what is -129 - -3?
-126
In base 8, what is 6245 - 5?
6240
In base 7, what is -4 - 500?
-504
In base 10, what is -7 + -20?
-27
In base 5, what is -2442 - -40?
-2402
In base 12, what is 4 - -17a?
182
In base 16, what is 3ee + 5?
3f3
In base 3, what is 12 - 10112?
-10100
In base 13, what is 3 - -58?
5b
In base 5, what is 1 + 142?
143
In base 5, what is -22001 - -3?
-21443
In base 11, what is 0 + 2a85?
2a85
In base 11, what is -43 + 3?
-40
In base 16, what is 42 - -3?
45
In base 14, what is -1 - -c7?
c6
In base 3, what is -100 - 12020?
-12120
In base 3, what is 0 - 21101?
-21101
In base 9, what is 5 - 81?
-75
In base 10, what is -553 - 11?
-564
In base 11, what is 1 + 11?
12
In base 10, what is -4 + 783?
779
In base 2, what is -101 - 1000110111?
-1000111100
In base 5, what is 340 - 314?
21
In base 5, what is -101 + 44?
-2
In base 7, what is 6 + 461?
500
In base 11, what is 5 + 3a6?
400
In base 6, what is -100 + 22?
-34
In base 13, what is 5 - bb?
-b6
In base 11, what is 51 + -aa?
-59
In base 12, what is -3b11 + -4?
-3b15
In base 13, what is -272 - -5?
-26a
In base 7, what is -1 + 40?
36
In base 12, what is -3 - 204?
-207
In base 15, what is -b6 + 6?
-b0
In base 14, what is 8 - -d1?
d9
In base 7, what is -106450 + 0?
-106450
In base 2, what is 1011 - -10111?
100010
In base 5, what is 441 + -1?
440
In base 10, what is -36 - -6?
-30
In base 11, what is 7 - 35?
-29
In base 10, what is 206 + -3?
203
In base 2, what is 1101011101 - 10101?
1101001000
In base 4, what is -202310 + 2?
-202302
In base 13, what is -298 + 8?
-290
In base 14, what is -4 + 29?
25
In base 5, what is -3 + -21224?
-21232
In base 3, what is -11 + -1001?
-1012
In base 3, what is -1022001 - 2?
-1022010
In base 11, what is -7 + 799?
792
In base 10, what is 9 + -11?
-2
In base 11, what is 5 - -100?
105
In base 10, what is 3187 - 0?
3187
In base 16, what is -12 + 40?
2e
In base 4, what is -2113 - 3?
-2122
In base 5, what is -14 - -30?
11
In base 3, what is -110 - -220?
110
In base 11, what is 20 - -5a?
7a
In base 15, what is e + 8?
17
In base 7, what is 15 - -234?
252
In base 10, what is -9625 - -1?
-9624
In base 10, what is -201 - 33?
-234
In base 5, what is 14311 - 10?
14301
In base 4, what is -11 - -32103?
32032
In base 5, what is 143 + 14?
212
In base 8, what is 2 - -316?
320
In base 15, what is 23 - 3b?
-18
In base 11, what is 4 - 883?
-87a
In base 16, what is 23 - -d1?
f4
In base 10, what is -2 + -1835?
-1837
In base 7, what is -166 - -3?
-163
In base 10, what is 3 + -242?
-239
In base 3, what is 212121 + 2?
212200
In base 11, what is -5 + -24?
-29
In base 14, what is 21 - 3?
1c
In base 4, what is -12333 - 3?
-13002
In base 14, what is 5 + 2343?
2348
In base 3, what is -11 + -2102?
-2120
In base 9, what is -5 + 5?
0
In base 4, what is -22 + -100?
-122
In base 10, what is -30 - 8?
-38
In base 13, what is 0 - -181?
181
In base 15, what is -9 + -65?
-6e
In base 6, what is -11543 + -3?
-11550
In base 16, what is -2e - -12?
-1c
In base 15, what is 24 + 26?
4a
In base 14, what is -4 + -15?
-19
In base 7, what is 2352 - -1?
2353
In base 8, what is 254 - -54?
330
In base 12, what is -62 - 11?
-73
In base 14, what is c0cb - -5?
c0d2
In base 15, what is 8 - -d1?
d9
In base 9, what is 2 - 332?
-330
In base 10, what is 32 + -2?
30
In base 12, what is -3 + -81?
-84
In base 10, what is 82 + -203?
-121
In base 11, what is -3 - 23?
-26
In base 8, what is -1065 + 6?
-1057
In base 9, what is -313 + -37?
-351
In base 15, what is 20a - -1?
20b
In base 8, what is -13 - 102?
-115
In base 8, what is 65657 - 1?
65656
In base 11, what is -14a2 + 0?
-14a2
In base 4, what is -1202 + 1?
-1201
In base 13, what is -3 + -3a?
-40
In base 13, what is -5 + 257?
252
In base 15, what is -1d8 - 6?
-1de
In base 14, what is 473 - 0?
473
In base 6, what is 202 + -2?
200
In base 13, what is -2 + -6b?
-70
In base 3, what is -1100202 - 20?
-1100222
In base 9, what is 141 - 5?
135
In base 11, what is 2037 + -5?
2032
In base 14, what is 2 + 5b0?
5b2
In base 10, what is 279 - 3?
276
In base 10, what is 4927 - 1?
4926
In base 7, what is -14 - 32?
-46
In base 4, what is -1 + 31133?
31132
In base 12, what is -1171 - 4?
-1175
In base 14, what is 0 + 2?
2
In base 12, what is 4 - -2a?
32
In base 10, what is 740 - -4?
744
In base 13, what is 51 + -6?
48
In base 4, what is -10 - 12031?
-12101
In base 4, what is -3 - -30020?
30011
In base 4, what is 0 + -31?
-31
In base 15, what is -2 - 1221?
-1223
In base 5, what is -1 - -101402?
101401
In base 4, what is -13 - -133?
120
In base 7, what is 14551 - -1?
14552
In base 12, what is -a3 + 5?
-9a
In base 14, what is 109 + 1?
10a
In base 11, what is -62 - 23?
-85
In base 10, what is 250 + 3?
253
In base 10, what is 21370 + -2?
21368
In base 6, what is -2424 - 4?
-2432
In ba